{"version":"1.0","provider_name":"Mar Blau Brokerage","provider_url":"https:\/\/mar-blau.com\/de\/","author_name":"IfcGreDCe5df82d8e2wWWccNJh00n","author_url":"https:\/\/mar-blau.com\/de\/author\/ifcgredce5df82d8e2wwwccnjh00n\/","title":"Meeres-Reserve der Bucht von Palma - Mar Blau Brokerage","type":"rich","width":600,"height":338,"html":"<blockquote class=\"wp-embedded-content\" data-secret=\"Pu6ssaM3WR\"><a href=\"https:\/\/mar-blau.com\/de\/meeres-reserve-der-bucht-von-palma\/\">Meeres-Reserve der Bucht von Palma<\/a><\/blockquote><iframe sandbox=\"allow-scripts\" security=\"restricted\" src=\"https:\/\/mar-blau.com\/de\/meeres-reserve-der-bucht-von-palma\/embed\/#?secret=Pu6ssaM3WR\" width=\"600\" height=\"338\" title=\"&#8222;Meeres-Reserve der Bucht von Palma&#8220; &#8211; Mar Blau Brokerage\" data-secret=\"Pu6ssaM3WR\" frameborder=\"0\" marginwidth=\"0\" marginheight=\"0\" scrolling=\"no\" class=\"wp-embedded-content\"><\/iframe><script>\n\/*! This file is auto-generated *\/\n!function(d,l){\"use strict\";l.querySelector&&d.addEventListener&&\"undefined\"!=typeof URL&&(d.wp=d.wp||{},d.wp.receiveEmbedMessage||(d.wp.receiveEmbedMessage=function(e){var t=e.data;if((t||t.secret||t.message||t.value)&&!\/[^a-zA-Z0-9]\/.test(t.secret)){for(var s,r,n,a=l.querySelectorAll('iframe[data-secret=\"'+t.secret+'\"]'),o=l.querySelectorAll('blockquote[data-secret=\"'+t.secret+'\"]'),c=new RegExp(\"^https?:$\",\"i\"),i=0;i<o.length;i++)o[i].style.display=\"none\";for(i=0;i<a.length;i++)s=a[i],e.source===s.contentWindow&&(s.removeAttribute(\"style\"),\"height\"===t.message?(1e3<(r=parseInt(t.value,10))?r=1e3:~~r<200&&(r=200),s.height=r):\"link\"===t.message&&(r=new URL(s.getAttribute(\"src\")),n=new URL(t.value),c.test(n.protocol))&&n.host===r.host&&l.activeElement===s&&(d.top.location.href=t.value))}},d.addEventListener(\"message\",d.wp.receiveEmbedMessage,!1),l.addEventListener(\"DOMContentLoaded\",function(){for(var e,t,s=l.querySelectorAll(\"iframe.wp-embedded-content\"),r=0;r<s.length;r++)(t=(e=s[r]).getAttribute(\"data-secret\"))||(t=Math.random().toString(36).substring(2,12),e.src+=\"#?secret=\"+t,e.setAttribute(\"data-secret\",t)),e.contentWindow.postMessage({message:\"ready\",secret:t},\"*\")},!1)))}(window,document);\n\/\/# sourceURL=https:\/\/mar-blau.com\/wp-includes\/js\/wp-embed.min.js\n<\/script>\n","thumbnail_url":"https:\/\/mar-blau.com\/wp-content\/uploads\/2026\/02\/RM_Badia_Palma.jpg","thumbnail_width":1674,"thumbnail_height":1083,"description":"Die Govern de les Balears f\u00f6rderte 1999 die Einrichtung von drei Meeresschutzgebieten und nahm damit ihre Verpflichtungen aus dem Protokoll \u00fcber die besonderen Schutzgebiete und die biologische Vielfalt des Mittelmeers vorweg (BOE Nr. 302, 18. Dezember 1999). Seitdem wird es mit der Beratung der \u00dcberwachungsaussch\u00fcsse von Gremien verwaltet, die sich aus Vertretern der \u00f6ffentlichen Verwaltung, ... Weiterlesen"}

Die Govern de les Balears förderte 1999 die Einrichtung von drei Meeresschutzgebieten und nahm damit ihre Verpflichtungen aus dem Protokoll über die besonderen Schutzgebiete und die biologische Vielfalt des Mittelmeers vorweg (BOE Nr. 302, 18. Dezember 1999). Seitdem wird es mit der Beratung der Überwachungsausschüsse von Gremien verwaltet, die sich aus Vertretern der öffentlichen Verwaltung, ... Weiterlesen
